{"id":779,"date":"2024-08-26T15:46:49","date_gmt":"2024-08-26T15:46:49","guid":{"rendered":"https:\/\/imaq.com.co\/?page_id=779"},"modified":"2025-03-29T23:29:47","modified_gmt":"2025-03-29T23:29:47","slug":"proyectos-con-ia","status":"publish","type":"page","link":"https:\/\/imaq.com.co\/?page_id=779","title":{"rendered":"Proyectos con (IA)"},"content":{"rendered":"\t\t<div data-elementor-type=\"wp-page\" data-elementor-id=\"779\" class=\"elementor elementor-779\" data-elementor-post-type=\"page\">\n\t\t\t\t<div class=\"elementor-element elementor-element-6053071 e-flex e-con-boxed e-con e-parent\" data-id=\"6053071\" data-element_type=\"container\" data-e-type=\"container\" data-settings=\"{&quot;background_background&quot;:&quot;classic&quot;}\">\n\t\t\t\t\t<div class=\"e-con-inner\">\n\t\t<div class=\"elementor-element elementor-element-2ba0656 e-con-full e-flex e-con e-child\" data-id=\"2ba0656\" data-element_type=\"container\" data-e-type=\"container\">\n\t\t\t\t<div class=\"elementor-element elementor-element-19e6baa elementor-invisible elementor-widget elementor-widget-heading\" data-id=\"19e6baa\" data-element_type=\"widget\" data-e-type=\"widget\" data-settings=\"{&quot;_animation&quot;:&quot;fadeIn&quot;}\" data-widget_type=\"heading.default\">\n\t\t\t\t<div class=\"elementor-widget-container\">\n\t\t\t\t\t<h2 class=\"elementor-heading-title elementor-size-default\">Proyectos con (IA)<\/h2>\t\t\t\t<\/div>\n\t\t\t\t<\/div>\n\t\t\t\t<div class=\"elementor-element elementor-element-9329c96 elementor-widget elementor-widget-text-editor\" data-id=\"9329c96\" data-element_type=\"widget\" data-e-type=\"widget\" data-widget_type=\"text-editor.default\">\n\t\t\t\t<div class=\"elementor-widget-container\">\n\t\t\t\t\t\t\t\t\t<p><\/p>\n<p class=\"has-text-align-left\">Descubre como las soluciones tecnol\u00f3gicas con inteligencia artificial (IA) est\u00e1n transformando la industria moderna, optimizando procesos y mejorando la eficiencia operativa. En IMAQ SAS, desarrollamos tecnolog\u00edas avanzadas que facilitan el mantenimiento predictivo, la automatizaci\u00f3n y la toma de decisiones basada en datos. Conoce los beneficios y ejemplos de nuestra tecnolog\u00eda innovadora en la inspecci\u00f3n de productos, log\u00edstica interna y control de calidad. Mantente competitivo en el mercado adoptando estas soluciones de IA que contribuyen al crecimiento sostenible y a la optimizaci\u00f3n de recursos en el sector industrial.<\/p>\n<p><\/p>\t\t\t\t\t\t\t\t<\/div>\n\t\t\t\t<\/div>\n\t\t\t\t<\/div>\n\t\t<div class=\"elementor-element elementor-element-570aabf e-con-full e-flex e-con e-child\" data-id=\"570aabf\" data-element_type=\"container\" data-e-type=\"container\">\n\t\t<a class=\"elementor-element elementor-element-c07b028 e-con-full e-transform e-transform e-flex e-con e-child\" data-id=\"c07b028\" data-element_type=\"container\" data-e-type=\"container\" data-settings=\"{&quot;background_background&quot;:&quot;classic&quot;,&quot;_transform_scale_effect_hover&quot;:{&quot;unit&quot;:&quot;px&quot;,&quot;size&quot;:1.04,&quot;sizes&quot;:[]},&quot;_transform_scaleX_effect&quot;:{&quot;unit&quot;:&quot;px&quot;,&quot;size&quot;:&quot;&quot;,&quot;sizes&quot;:[]},&quot;_transform_scaleX_effect_tablet&quot;:{&quot;unit&quot;:&quot;px&quot;,&quot;size&quot;:&quot;&quot;,&quot;sizes&quot;:[]},&quot;_transform_scaleX_effect_mobile&quot;:{&quot;unit&quot;:&quot;px&quot;,&quot;size&quot;:&quot;&quot;,&quot;sizes&quot;:[]},&quot;_transform_scaleY_effect&quot;:{&quot;unit&quot;:&quot;px&quot;,&quot;size&quot;:&quot;&quot;,&quot;sizes&quot;:[]},&quot;_transform_scaleY_effect_tablet&quot;:{&quot;unit&quot;:&quot;px&quot;,&quot;size&quot;:&quot;&quot;,&quot;sizes&quot;:[]},&quot;_transform_scaleY_effect_mobile&quot;:{&quot;unit&quot;:&quot;px&quot;,&quot;size&quot;:&quot;&quot;,&quot;sizes&quot;:[]},&quot;_transform_scale_effect_hover_tablet&quot;:{&quot;unit&quot;:&quot;px&quot;,&quot;size&quot;:&quot;&quot;,&quot;sizes&quot;:[]},&quot;_transform_scale_effect_hover_mobile&quot;:{&quot;unit&quot;:&quot;px&quot;,&quot;size&quot;:&quot;&quot;,&quot;sizes&quot;:[]}}\" href=\"https:\/\/imaq.com.co\/?page_id=784\">\n\t\t\t\t<div class=\"elementor-element elementor-element-8189bf6 elementor-widget-tablet__width-initial elementor-widget elementor-widget-heading\" data-id=\"8189bf6\" data-element_type=\"widget\" data-e-type=\"widget\" data-widget_type=\"heading.default\">\n\t\t\t\t<div class=\"elementor-widget-container\">\n\t\t\t\t\t<h2 class=\"elementor-heading-title elementor-size-default\">Visi\u00f3n Artificial<\/h2>\t\t\t\t<\/div>\n\t\t\t\t<\/div>\n\t\t\t\t<\/a>\n\t\t\t\t<\/div>\n\t\t\t\t\t<\/div>\n\t\t\t\t<\/div>\n\t\t\t\t<\/div>\n\t\t","protected":false},"excerpt":{"rendered":"<p>Proyectos con (IA) Descubre como las soluciones tecnol\u00f3gicas con inteligencia artificial (IA) est\u00e1n transformando la industria moderna, optimizando procesos y mejorando la eficiencia operativa. En IMAQ SAS, desarrollamos tecnolog\u00edas avanzadas que facilitan el mantenimiento predictivo, la automatizaci\u00f3n y la toma de decisiones basada en datos. Conoce los beneficios y ejemplos de nuestra tecnolog\u00eda innovadora en [&hellip;]<\/p>\n","protected":false},"author":1,"featured_media":0,"parent":0,"menu_order":0,"comment_status":"closed","ping_status":"closed","template":"","meta":{"_monsterinsights_skip_tracking":false,"_monsterinsights_sitenote_active":false,"_monsterinsights_sitenote_note":"","_monsterinsights_sitenote_category":0,"footnotes":""},"class_list":["post-779","page","type-page","status-publish","hentry"],"aioseo_notices":[],"_hostinger_reach_plugin_has_subscription_block":false,"_hostinger_reach_plugin_is_elementor":false,"rttpg_featured_image_url":null,"rttpg_author":{"display_name":"vladimir.tobar.escobar","author_link":"https:\/\/imaq.com.co\/?author=1"},"rttpg_comment":0,"rttpg_category":null,"rttpg_excerpt":"Proyectos con (IA) Descubre como las soluciones tecnol\u00f3gicas con inteligencia artificial (IA) est\u00e1n transformando la industria moderna, optimizando procesos y mejorando la eficiencia operativa. En IMAQ SAS, desarrollamos tecnolog\u00edas avanzadas que facilitan el mantenimiento predictivo, la automatizaci\u00f3n y la toma de decisiones basada en datos. Conoce los beneficios y ejemplos de nuestra tecnolog\u00eda innovadora en&hellip;","_links":{"self":[{"href":"https:\/\/imaq.com.co\/index.php?rest_route=\/wp\/v2\/pages\/779","targetHints":{"allow":["GET"]}}],"collection":[{"href":"https:\/\/imaq.com.co\/index.php?rest_route=\/wp\/v2\/pages"}],"about":[{"href":"https:\/\/imaq.com.co\/index.php?rest_route=\/wp\/v2\/types\/page"}],"author":[{"embeddable":true,"href":"https:\/\/imaq.com.co\/index.php?rest_route=\/wp\/v2\/users\/1"}],"replies":[{"embeddable":true,"href":"https:\/\/imaq.com.co\/index.php?rest_route=%2Fwp%2Fv2%2Fcomments&post=779"}],"version-history":[{"count":5,"href":"https:\/\/imaq.com.co\/index.php?rest_route=\/wp\/v2\/pages\/779\/revisions"}],"predecessor-version":[{"id":1388,"href":"https:\/\/imaq.com.co\/index.php?rest_route=\/wp\/v2\/pages\/779\/revisions\/1388"}],"wp:attachment":[{"href":"https:\/\/imaq.com.co\/index.php?rest_route=%2Fwp%2Fv2%2Fmedia&parent=779"}],"curies":[{"name":"wp","href":"https:\/\/api.w.org\/{rel}","templated":true}]}}